st common divisor of 496 and 958272?
496
Calculate the greatest common divisor of 70 and 38395.
35
Calculate the highest common factor of 4347 and 670383.
189
What is the highest common divisor of 320 and 295424?
64
What is the greatest common divisor of 6053697 and 78?
39
What is the highest common factor of 763 and 305963?
763
What is the greatest common divisor of 12927 and 1147?
31
What is the highest common factor of 11309 and 3655?
43
What is the highest common divisor of 648 and 2043?
9
What is the greatest common divisor of 80 and 35320?
40
Calculate the greatest common factor of 36 and 963.
9
What is the highest common factor of 25525 and 100?
25
Calculate the greatest common divisor of 252 and 85788.
36
Calculate the highest common divisor of 1209 and 6903.
39
Calculate the highest common divisor of 21344 and 230.
46
What is the greatest common divisor of 4484 and 36?
4
What is the highest common divisor of 67215 and 30?
15
What is the highest common divisor of 348378 and 186?
186
What is the highest common divisor of 2790 and 1215?
45
What is the highest common factor of 723763 and 199?
199
Calculate the highest common divisor of 25122 and 15582.
318
What is the greatest common factor of 1267201 and 1391?
1391
What is the greatest common factor of 561 and 5900037?
561
What is the greatest common divisor of 1484 and 739774?
742
Calculate the greatest common factor of 87437 and 7.
7
What is the greatest common factor of 808 and 260378?
202
What is the greatest common factor of 15 and 9266655?
15
What is the highest common factor of 6059 and 315649?
83
What is the greatest common divisor of 38304 and 1494?
18
Calculate the highest common factor of 345 and 1179348.
69
What is the greatest common divisor of 1476 and 10368?
36
Calculate the highest common divisor of 217233 and 9.
9
What is the highest common factor of 2011323 and 6167?
881
What is the highest common divisor of 255 and 18705?
15
Calculate the greatest common factor of 5176 and 320.
8
What is the highest common factor of 58853 and 13364?
257
What is the highest common divisor of 1372 and 47677?
343
What is the greatest common divisor of 280 and 4907280?
280
Calculate the greatest common factor of 16854432 and 98.
98
What is the greatest common factor of 51510 and 53530?
1010
What is the highest common divisor of 69843 and 217?
31
What is the greatest common factor of 151904 and 10152?
376
What is the highest common factor of 16926 and 4914?
546
What is the highest common factor of 9536 and 12?
4
Calculate the greatest common factor of 40931 and 11.
11
Calculate the greatest common factor of 91859 and 194.
97
Calculate the greatest common factor of 566 and 271963.
283
Calculate the highest common divisor of 7701 and 816.
51
What is the highest common factor of 18688 and 2816?
256
Calculate the highest common divisor of 38076 and 66348.
228
What is the highest common divisor of 365600 and 1600?
800
What is the highest common factor of 9119 and 43937?
829
Calculate the highest common factor of 31 and 2611781.
31
What is the greatest common divisor of 193010 and 10?
10
What is the greatest common divisor of 40 and 55592?
8
Calculate the highest common divisor of 72 and 135384.
24
Calculate the highest common factor of 3992800 and 140.
140
Calculate the highest common divisor of 112568 and 8.
8
What is the greatest common divisor of 350 and 195300?
350
What is the highest common factor of 805342 and 518?
74
What is the highest common divisor of 39007 and 95?
19
What is the greatest common divisor of 216 and 57624?
24
Calculate the greatest common divisor of 484 and 463276.
44
Calculate the greatest common factor of 225 and 853155.
45
Calculate the highest common factor of 298018 and 1960.
98
Calculate the highest common divisor of 16 and 1988.
4
What is the highest common divisor of 30 and 4034?
2
What is the greatest common divisor of 812 and 1193234?
406
What is the greatest common factor of 1170 and 2321670?
390
Calculate the greatest common divisor of 5632 and 24464.
176
What is the greatest common factor of 6347 and 605?
11
What is the greatest common factor of 167037 and 117?
39
Calculate the greatest common factor of 913832 and 8.
8
What is the greatest common divisor of 95 and 696635?
95
Calculate the greatest common factor of 539 and 98.
49
What is the greatest common divisor of 207106 and 2?
2
What is the greatest common factor of 245 and 4263?
49
What is the highest common divisor of 7722 and 20514?
78
Calculate the greatest common divisor of 1026 and 2069100.
342
What is the greatest common divisor of 489 and 21057?
3
Calculate the greatest common divisor of 100079 and 29.
29
Calculate the highest common factor of 3477 and 133.
19
What is the greatest common factor of 6120 and 10?
10
What is the highest common divisor of 5194 and 265?
53
What is the highest common divisor of 36 and 1449108?
36
What is the highest common divisor of 21440 and 129310?
670
What is the highest common factor of 200214 and 24696?
882
What is the highest common divisor of 99700 and 40?
20
Calculate the highest common factor of 372 and 44392.
124
Calculate the greatest common divisor of 729 and 1359.
9
Calculate the greatest common divisor of 903 and 2359.
7
What is the highest common divisor of 768 and 2616?
24
Calculate the greatest common factor of 972 and 121284.
108
What is the highest common factor of 66224 and 688?
16
Calculate the highest common divisor of 1428 and 1092.
84
What is the greatest common divisor of 206 and 93112?
206
Calculate the greatest common factor of 979502 and 778.
778
What is the highest common factor of 362 and 10727146?
362
Calculate the greatest common factor of 64899 and 45.
9
Calculate the greatest common divisor of 2826 and 91374.
942
What is the greatest common divisor of 352484 and 1100?
44
What is the highest common divisor of 35 and 71834?
7
Calculate the highest common divisor of 16430 and 1166.
106
Calculate the greatest common factor of 465 and 372.
93
Calculate the greatest common divisor of 1232 and 194832.
176
Calculate the greatest common factor of 968 and 8228.
484
Calculate the highest common factor of 1124844 and 24.
12
What is the greatest common factor of 9 and 1091061?
9
What is the greatest common factor of 3419 and 156?
13
What is the highest common divisor of 216027 and 9779?
889
What is the highest common divisor of 51250 and 615?
205
Calculate the greatest common divisor of 503375 and 75.
25
Calculate the greatest common factor of 5 and 85245.
5
What is the greatest common factor of 40 and 20720?
40
What is the highest common factor of 11509 and 289?
17
What is the greatest common factor of 8634 and 192?
6
Calculate the greatest common divisor of 384 and 118848.
192
Calculate the greatest common divisor of 5876 and 52.
52
What is the highest common divisor of 61008 and 328?
328
What is the highest common factor of 1686 and 186?
6
What is the greatest common factor of 599076 and 324?
324
Calculate the highest common factor of 63 and 40971.
21
Calculate the highest common divisor of 2701205 and 116.
29
What is the highest common factor of 12615 and 160?
5
Calculate the greatest common factor of 13 and 255593.
13
What is the greatest common factor of 83752 and 6264?
232
What is the highest common divisor of 289562 and 52?
26
Calculate the highest common divisor of 635620 and 100.
20
Calculate the highest common divisor of 139524 and 31559.
1661
What is the highest common factor of 630 and 2466?
18
What is the greatest common divisor of 56 and 523096?
56
Calculate the highest common factor of 1008 and 76104.
504
What is the highest common factor of 4870 and 80?
10
Calculate the highest common factor of 63568 and 3248.
464
Calculate the highest common divisor of 6268115 and 140.
35
Calculate the highest common divisor of 11075 and 15.
5
Calculate the highest common divisor of 2184 and 15496.
104
What is the greatest common divisor of 91 and 8164?
13
Calculate the greatest common divisor of 166 and 1278366.
166
What is the highest common factor of 173881 and 41?
41
What is the highest common factor of 9 and 67029?
3
What is the highest common factor of 421635 and 15?
15
Calculate the greatest common divisor of 27 and 1242.
27
Calculate 